2 + g - 7. Let v(q) = -2*i(q) - 9*s(q). Give v(3).
8
Let j(i) be the first derivative of -i**4/4 + 4*i**3/3 - 3*i**2/2 - 3*i + 1. Let w be (-2)/((-22)/6 + 3). Calculate j(w).
-3
Suppose 0 = 5*n + 3*g - 15, -4*n = -3*n - 5*g + 25. Let m = 15 - 10. Let j(s) = n*s**3 + s**3 - 2*s**2 - 5*s + 6*s**2 - m. Give j(-5).
-5
Let b(h) = h**2 + h. Let c be b(-2). Let o = -8 + 11. Let w(i) = o*i + 3*i**2 + 2 - 3*i**2 - i**2. What is w(c)?
4
Let q(i) = 8*i - 1. Let a(g) = -g - 4. Let f be 6*(-2 + (-1 - -2)). Let x be a(f). Suppose -4*m = -2 - x. Determine q(m).
7
Suppose -15 = o - 4*o. Suppose -2*y = o*n + 1 - 20, -5*n + 10 = 5*y. Let l(q) = -q**3 + 4*q**2 + 4*q + 6. Calculate l(n).
1
Let c(j) be the third derivative of -j**7/5040 + j**6/240 + j**5/30 + 3*j**2. Let u(v) be the third derivative of c(v). Determine u(5).
-2
Let r be (-24)/(-2)*2/6. Suppose -w + 2*w - r*f = -17, 3*w = -5*f. Let z(p) = 5 + 11 - 5 + p. What is z(w)?
6
Let g(j) = 18*j - 1 - 2*j**2 + 3*j**2 - 21*j. What is g(3)?
-1
Suppose 0 = -3*d - 2*q - q - 15, -2*q - 10 = -2*d. Let g(v) = -v + 5. Determine g(d).
5
Let u(o) = -o**3 + o**2 - 2. Suppose 0*h + 2*h = 4*m - 8, 0 = -3*h. Calculate u(m).
-6
Suppose -59 + 64 = -z. Let v(y) = -2*y + 3. Determine v(z).
13
Let n be (-12)/18 + 1/3*11. Let h(i) = i + 1. Calculate h(n).
4
Let l = -37 - -35. Let a(r) = -3*r - 2*r + r + 5*r**2. Let g(i) = -3*i**2 + 2*i. Let x(m) = 6*a(m) + 11*g(m). What is x(l)?
-8
Let p be 31/(-5) + (-2)/(-10). Let q = 7 + p. Let x(b) = -3*b**2 + b. Give x(q).
-2
Suppose 3*b - t + 14 = 0, t - 4 = 2*t. Let h(x) = -x**3 + 4*x**2 - 2*x - 2. Let g be h(3). Let d(m) = -6*m - m**2 - g - 2 - 2 + 0. What is d(b)?
-5
Let y(j) be the third derivative of -j**4/12 + j**3/6 - 22*j**2. Give y(6).
-11
Let j = 9 + -2. Suppose -j - 3 = -5*n. Suppose -n*w - 2 = 0, w - 4 = 2*a - a. Let s(i) = -i**2 - 3*i + 5. Determine s(a).
-5
Let x be (-4)/(-6) - 42/9. Let v(l) = -4*l**3 + 5*l**2 - 3 - 4*l**3 + 5*l**3 + 3*l + 4*l**3. What is v(x)?
1
Let t(c) = c**3 - 4*c**2 + c + 1. Let z be (1 - 6)*(-2)/5. Let y be ((-8)/(-10))/(z/10). Let d be (y - 4) + (6 - 2). Give t(d).
5
Let w(n) = n**2 - 5*n - 6. Let g(t) = t**2 - 11*t - 5. Let l be g(12). Give w(l).
8
Let k(j) = j**2 + 2*j - 4. Let v be (-2)/(-9) - 68/(-18). Let b = -9 + v. Determine k(b).
11
Let a(v) be the second derivative of -v**5/20 - v**4/12 + v**3/6 - v**2 - 2*v + 1. What is a(0)?
-2
Let h(w) = 21*w**2 + 7*w - 5. Let b(y) = -43*y**2 - 15*y + 11. Let c(s) = 6*b(s) + 13*h(s). Determine c(-1).
15
Let w(j) be the first derivative of 13*j**5/60 - j**4/24 - j**3/6 + 3*j**2/2 - 4. Let a(r) be the second derivative of w(r). Calculate a(-1).
13
Let w(u) = 4*u**3 + 4*u**2 + 6*u + 4. Let n(g) = -3*g**3 - 5*g**2 - 6*g - 4. Let c(j) = -3*n(j) - 2*w(j). What is c(-6)?
4
Let a(u) = 5*u - 2. Let g = 53 + -50. What is a(g)?
13
Let a(q) = 2*q**2 + 4*q + 2. Let g be (2 + 3*(-20)/12)*1. Give a(g).
8
Suppose 0 = -0*k - 3*k + 15. Suppose 4*f - 3*y - y = 16, -4*f + 16 = k*y. Let b(t) = t + 1. Determine b(f).
5
Suppose 0 = 4*b - 5*j - 143, -2*b + 0*b = 3*j - 99. Suppose 5*i - 15 = h - b, -20 = 4*i. Let d = h + -1. Let m(x) = 11*x - 1. Give m(d).
10
Let g be (2/(-3))/((-6)/18). Let x(h) = 7*h**2 - 1 - 6*h**g - 5*h**2 + 4*h + 3*h**2. Give x(5).
-6
Let n(b) = -b - 1. Let c(j) = j**3 + 9*j**2 + 8*j - 5. Let u be c(-8). Let h = u - -7. Calculate n(h).
-3
Let m(p) = 4*p**2 - 3*p - 1. Let k(l) = -3*l**2 + 3*l + 1. Let b(a) = 5*k(a) + 4*m(a). Let o be b(-3). Let s(y) = 9*y**2 + y. Calculate s(o).
10
Let n(l) = 2 - 4*l - l**2 - 6*l + 5*l + 0*l. Calculate n(-6).
-4
Let w(g) be the second derivative of 0 + 4*g + 2/3*g**3 + 1/12*g**4 + 1/2*g**2. Give w(-3).
-2
Let j(y) = 6*y**3 + 5*y**2 + 5*y - 4. Let x(h) = -h**2 - h + 1. Let c(v) = -j(v) - 5*x(v). Determine c(1).
-7
Let i(u) = -u**2 - 5*u - 5. Let v be (-1)/((12/4)/15). Give i(v).
-5
Let a(c) = -c + 1. Let p be a(5). Let n be (p/6)/(5/15). Let d = 2 + n. Let t(l) = -l**3 - l**2. What is t(d)?
0
Let t(z) = -3*z + 7. Let s(p) = -p**2 - 7*p - 4. Let f be s(-6). Suppose -v = -f*v + 5. Calculate t(v).
-8
Suppose 0 = 3*b - 6*c + c + 12, -5*c = -5*b - 10. Let l be (6/2)/(b/(-2)). Let z(u) = u**2 + 5*u - 8. Calculate z(l).
-2
Let w = 0 - 0. Let z(o) be the second derivative of -1/6*o**3 + w + 2*o - 4*o**2. What is z(0)?
-8
Let u(w) = -w + 5. Let z(s) = -s + 1. Let o be z(0). Let d be 0/((o - 2)*2). Suppose d = -0*a - 3*a. Determine u(a).
5
Let x(z) = 10 + 14*z - 13*z**2 - 29 - 20*z + 2*z**3. Let h(l) = -l**3 + 6*l**2 + 3*l + 9. Let i(c) = 5*h(c) + 2*x(c). Give i(5).
-3
Let c(v) = 2*v + 9. Let z = -49 + 42. Give c(z).
-5
Let u = 327 + -334. Let f(b) be the second derivative of -b**3/6 - b**2 - b. Calculate f(u).
5
Let s(o) = 4*o**2 - o. Let q be s(1). Let x(f) be the first derivative of 1/3*f**q - 3/2*f**2 - 1 + 2*f. Give x(2).
0
Let n = 28 - 21. Let a(d) = d - 9. Determine a(n).
-2
Let f(r) = r - 1. Let t = -27 - -25. Let u(k) = -12*k + 9. Let z(c) = t*u(c) - 18*f(c). Give z(1).
6
Let s(f) = -f - 1. Let t(w) = 2*w**3 + w**2 + 5*w + 2. Let y(r) = r**3 - r**2. Let n(g) = t(g) - 3*y(g). Let l be n(5). Calculate s(l).
-3
Let n(s) = -s - 4. Let r(j) = 4*j + 16. Let p = -17 - -8. Let k(l) = p*n(l) - 2*r(l). Let z be (6*1)/(3/2). What is k(z)?
8
Let j = 9 - 8. Let i = -6 + j. Let s(m) = -m**3 - 5*m**2 + m + 3. Calculate s(i).
-2
Let s(l) = 31*l - 32*l + 7*l**3 + l**3. What is s(-1)?
-7
Let q be ((-3)/(-6))/(-1) + (-12)/(-18). Let u(o) be the second derivative of 3/2*o**2 + 0 + o - q*o**3 + 1/20*o**5 - 1/4*o**4. Calculate u(3).
0
Let k(x) = x**3 - x**3 + x**2 + x**2 - x**3. What is k(1)?
1
Let h(r) = 13*r + 5. Let x(j) = 9*j + 3. Let m(a) = 5*h(a) - 7*x(a). Let v = -1 + 4. Let c = v + -7. Determine m(c).
-4
Let g(u) be the first derivative of u**3/3 + 2*u**2 - 3*u + 30. Calculate g(-4).
-3
Let t(h) = -4*h + 2. Let d = -60 + 57. Let q(g) = 8 - 2 + 0 - 11*g. Let f(j) = d*q(j) + 8*t(j). Determine f(5).
3
Let t(j) = -j**3 - 2*j**2 + 2*j + 2. Suppose w + 0 = 1. Let s be 0/(w/(-1 + 0)). Suppose s*z = -3*z + 6. What is t(z)?
-10
Let d = -5 - -2. Suppose 5*o = 5*x + 40 - 10, -5*o = 4*x - 39. Let b(g) = -g + o + 2*g - 4. What is b(d)?
0
Let j(n) be the first derivative of n**2/2 + 2*n + 7. Give j(-6).
-4
Let w(a) = a**2 - a + 1. Let v be 4/14 - (-152)/56. Determine w(v).
7
Let s = 6 + -1. Let u = -18 + 18. Suppose -5*h - 43 = s*m - 13, u = -m + h. Let v(y) = -y - 4. Determine v(m).
-1
Let v(g) = -3*g**2 - 6*g. Let q(m) = 8*m**2 + 18*m + 1. Let h(o) = -4*q(o) - 11*v(o). What is h(6)?
-4
Let m(s) be the first derivative of -s**4/4 - 5*s**3/3 + s**2/2 + s + 43. Let j = -8 - -5. Let g be (5/(-2))/(j/(-6)). Determine m(g).
-4
Suppose -4*f = -5*o + 45 - 9, -4*o = 4*f. Let r(v) = 2*v**2 - 2*v + 3. What is r(o)?
27
Let z(u) = u**2 - 4*u + 5. Let n be (-3)/6 + 22/(-4). Let c = 10 + n. What is z(c)?
5
Let r = 12 + -8. Let o = r - 9. Let k(q) = q**3 + 4*q**2 - 6*q + 4. Calculate k(o).
9
Let o(w) = -w**3 + 3*w**2 - w - 2. Let x = 9 + -3. Suppose x*g - 2*g - 8 = 0. What is o(g)?
0
Let c(q) = 3*q**3 - 9*q**2 + 7*q. Let g(y) be the second derivative of -y**5/10 + 2*y**4/3 - y**3 - y**2/2 - 2*y. Let z(w) = 3*c(w) + 4*g(w). Give z(-5).
11
Let j be -1 - (0 - -3 - -1). Let o = 5 + -5. Let y(u) = -3*u + 4*u**2 - 2*u + 7*u**3 + o*u - 6*u**3. Determine y(j).
0
Let i be (24/28)/((-3)/21). Let q(m) = -2*m**2 - 4*m + 8 + 3*m**2 + 0*m. Let u(o) = o**2 - 5*o + 9. Let n(g) = i*u(g) + 7*q(g). Determine n(-3).
5
Let c(u) = -12 + 0*u + 2*u + 10. Suppose -2*o - 1 = 3*t + 3, 4*o + 8 = 4*t. Let x = o - -4. Calculate c(x).
2
Let x(m) be the third derivative of -m**5/60 + m**4/6 + m**3/3 - 14*m**2. Give x(5).
-3
Let z(s) = -s**2 - 3*s + 4. Let v(a) = -a + 1. Let x(f) = 4*v(f) - z(f). Let b = -690 + 693. Determine x(b).
6
Let g(q) be the second derivative of 0 + 2*q - 5/6*q**3 + 1/2*q**2. Determine g(2).
-9
Let s(d) = -d**3 - 5*d**2 + d + 1. Let k(h) be the first derivative of h**3/3 + 9*h**2/2 - 5*h - 1. Let x be k(-9). Determine s(x).
-4
Let q(w) = -w. Let n = -7 - -9. Suppose -4*h + n*h = -8. Give q(h).
-4
Let z(j) = j**2 - 5*j + 1. Let w be z(6). Let s(v) = -v**2 + 7*v + 4. Let y be s(w). Let q(f) = -f**3 + 5*f**2 - 5*f + 1. Determine q(y).
-3
Let i(w) = -w**3 - w**2 + 3*w + 1. Let m be i(-2). Let a(x) = -5*x. Calculate a(m).
5
Sup